 609*i = -31530102. Is i composite?
False
Suppose -68*k - 109*k = -16922085. Is k a prime number?
False
Let z = 276 - 279. Let n(i) = -48*i - 4. Let c(l) = 48*l + 5. Let v(w) = 5*c(w) + 6*n(w). Is v(z) prime?
False
Let n(x) = 200*x**2 + 268*x - 239. Is n(57) prime?
False
Suppose 6 - 2 = 2*b. Let y be ((-57)/(-19))/9 - 244538/6. Is (y/(-115))/(b/5) prime?
False
Suppose -41*t = -38*t + 5*g + 4, 0 = 4*g + 8. Suppose 2*l - 4*d - 99056 = -t*l, -5*l = -3*d - 123814. Is l a prime number?
False
Suppose 4*u - 2 = -22. Is (u - (-110511)/(-18))*(-1 + -1) a composite number?
False
Suppose 0 = -25*y - 80874 + 7262999. Is y prime?
False
Suppose 54*l - 130*l + 12453892 = 0. Is l composite?
True
Let y(i) = 74 - 3*i**3 - 7 + 18*i**3 + 3*i - 15*i**2 + 3*i**2. Is y(8) a prime number?
False
Let d(o) = 194*o - 47. Let h(t) = -2*t - 2. Let c(a) = d(a) - 2*h(a). Is c(12) composite?
False
Let u = 760 - 762. Is ((-7 - -7991) + 9)*u/(-2) a composite number?
False
Let w = -26 - -39. Suppose -5*z + 2*k + 2*k = -w, 0 = -5*z - k + 28. Suppose -z*h - 4*v + 1159 = 0, 474 = 4*h - 2*h - v. Is h prime?
False
Let u(z) = -3611*z + 194. Let c be u(-4). Suppose 7319 = r + 5*i, 3*i + 2*i - c = -2*r. Is r composite?
True
Let h(l) = 25*l - 63. Let a be h(18). Let o(s) = -17 + 390*s - 766*s + a*s. Is o(21) composite?
True
Let q = 182 - 174. Is ((-77646)/q)/((-69)/12 + 5) a composite number?
False
Let n(u) = -1457*u + 1586. Is n(-9) composite?
False
Let i be 8/(96/(-28))*15681. Let d = 55440 + i. Is d prime?
False
Let s(b) = -438*b + 148. Let m be s(-35). Let t = m + -10233. Is t a composite number?
True
Suppose 5*z + 1554729 = 4*l, 0 = -2*l - 2*z + 834011 - 56615. Is l prime?
True
Let d = 458336 + -326355. Is d prime?
False
Let c(f) = 13*f**2 + 6*f. Let r(v) = -4*v + 13. Let p be r(2). Is c(p) prime?
False
Let p be 309*-3 - 1*-2. Suppose -971*s - 42 = -974*s. Is s - p - (1 + -1) a prime number?
False
Suppose 0 = -10*t - 5*t + 45. Suppose -3*p + 24 = 2*w - 31, t*w + 4*p = 85. Is w a prime number?
False
Let w(v) = -v**2 - 11*v + 15. Let b be w(-10). Is (4 + (5 - 4))*17855/b composite?
False
Suppose -893*g - 9657243 = -898*g - 2*d, 2*g = 4*d + 3862902. Is g prime?
False
Let q = 13684 - 7523. Suppose -15*v + q = -31384. Is v a composite number?
False
Let l(m) = m - 10. Let g be l(-14). Is (2653 - 0)*(25 + g) composite?
True
Let i(j) = -2*j**3 - 3*j**2 + 9*j + 23. Let v be i(-2). Is 18191*7*v/63 composite?
False
Let n(f) = f + 32. Let s be n(-17). Let c(x) = 2*x**3 - 19*x**2 - 21*x + 1. Is c(s) a prime number?
True
Let p(k) = 220*k**2 + k. Let h be p(-7). Suppose 2*a + h = 2*n + 2813, 4*a = 5*n - 15915. Let u = a - -5876. Is u a prime number?
False
Let a be ((4/10)/1)/((-32)/(-136480)). Let x = a + 363. Is x prime?
True
Suppose -4*g - 5*y = -14537035, -32*g - 2*y + 115296493 = -999977. Is g a composite number?
True
Let x = 1604 + 2451. Is x prime?
False
Let y(l) = 4*l**2 - l + 228. Let b be y(-47). Is (34/(-102))/((-1)/b) a prime number?
True
Let s(j) = 3*j**2 + 5*j. Let x be s(-2). Is 49005/18 - (-1)/x prime?
False
Suppose 40*y - 10*y = -815430. Let x = 41040 + y. Is x a composite number?
False
Let l be (38 - 3)/(3 - 2). Let k = l + -35. Is (-15116)/(-8) + 2/(-4) + k prime?
True
Let i(j) = 27*j**3 - 24*j**2 + 17*j - 49. Is i(21) a composite number?
True
Let s = -40 + 42. Suppose 3*j + u + s = 3*u, 2*j + 4*u = 20. Suppose 5*f = 2*f - 12, 3973 = 3*x + j*f. Is x composite?
False
Suppose -b = -5*s + 6 + 3, -4*s = 3*b - 11. Let c(o) = -s - 7 - 299*o - 5. Is c(-5) a composite number?
False
Is (-8 - (-63)/9)*(-87554)/2 composite?
False
Suppose 0 = n - 3*s + 90 - 2, -5*n = 4*s + 516. Is ((-117460)/n)/((-1)/(-5)) a composite number?
True
Suppose 3*d + 9 = 24. Suppose u + 5*w = 484, d*u - w = -2*w + 2492. Suppose q + 3*l = u, -6*q + 4*l + 1964 = -2*q. Is q composite?
True
Suppose -r + 5*t = -33402, 66874 = 2*r + 4*t - 0*t. Is r a prime number?
True
Let j(b) = b**3 - b**2. Let t be j(2). Let w(i) = 168*i - 342. Let v be w(-22). Is v/t*1/((-3)/2) a prime number?
True
Suppose 5*y - 7 + 112 = 0. Let q = y - -13. Let o(c) = -85*c + 1. Is o(q) prime?
False
Let z(j) = -796*j**3 - 9*j**2 + 33*j + 9. Is z(-5) a prime number?
True
Suppose 0 = 4*w + 4*z - 7672, -w + 3*w - 3830 = -4*z. Let q = -1365 + w. Suppose 0*o + 5*l = -3*o + q, 0 = 4*o - 2*l - 698. Is o a composite number?
True
Suppose 0*w - w = -2*f - 4, -2*w = -3*f - 8. Suppose -q + 4*u = -447, f*q + q + u = 447. Is q composite?
True
Suppose 13*p + 9218048 = -15*p. Is (2/(-6) + p/96)*-3 prime?
True
Suppose 78*s - 115554 = 72*s. Is s composite?
False
Suppose -5*f + 21 = 2*f. Suppose -4*p = j + 351, 3*j - f*p + 1014 = -2*p. Is j/(-4) + ((-4)/16)/(-1) composite?
True
Let n = 153 - 69. Suppose -96*i = -126*i + 3630. Let j = i - n. Is j a prime number?
True
Let y be (-24)/(-3) + (-2 - 2). Suppose 0 = 10*a - 3*a - 21385. Suppose 2518 = 4*c + j - a, 0 = -4*j + y. Is c a composite number?
True
Suppose 0 = -4*m - 4*y + 1416432, 70*y - 75*y - 1416477 = -4*m. Is m a prime number?
False
Let w(u) = -14033*u + 1898. Is w(-7) prime?
True
Let a(y) = -331*y**2 - 10*y - 33. Let t be a(-6). Let l = -7562 - t. Is l a prime number?
True
Let u(s) = -22*s - 19. Let g be u(-1). Suppose 18*n = g*y + 13*n - 32909, -2*n + 10977 = y. Is y composite?
False
Let y(q) = 1 - 79 + 445*q - 54 - 11. Is y(18) prime?
True
Let y(x) = -3*x**2 + 11*x + 9. Let d be y(4). Is (-1)/((d - (-4715)/(-785)) + 1) prime?
True
Suppose -2*b = -5*r + 23, 2*r + 0*b + 4*b = -10. Suppose 3*m - 268 + 256 = 0. Suppose -4*y + 2096 = -m*z, -r*y - 2*z = -1131 - 426. Is y a prime number?
True
Let r = 0 - 0. Suppose -5*k + 10 = 0, -5*q = -2*k - 29 - 67. Suppose r = -17*v + q*v - 921. Is v prime?
True
Let f = 34003 + -24245. Let m = -5287 + f. Is m a composite number?
True
Suppose 2773*h = 2797*h - 4120968. Is h a composite number?
False
Is (-108192)/(-7) + 14/(-4)*2 prime?
False
Suppose -5*r + 77646 = r. Suppose -10*t = -11*t + r. Is t composite?
False
Let r(f) = -3*f**3 - 15*f**2 + 10*f + 20. Let s be ((-39)/(-6))/((-14)/28). Is r(s) a prime number?
False
Let q(s) be the second derivative of 11*s**3/6 - 9*s**2/2 - 57*s + 4. Let j(n) = -n**2 - 5*n. Let o be j(-4). Is q(o) a prime number?
False
Let h(g) = -48*g - 54*g + 97*g. Let r be h(-8). Suppose 44*y - 3412 = r*y. Is y a prime number?
True
Let g = 733181 - -379110. Is g a composite number?
False
Let p(j) = -j - 15. Let u be p(-5). Let w(g) = g**3 + 9*g**2 - 11*g - 4. Let n be w(u). Suppose -n*t = -4910 + 764. Is t prime?
True
Suppose 0 = -4*j - k + 88654, 3*j - 21*k + 17*k - 66481 = 0. Is j prime?
False
Let p be (3/((-42)/16))/((-10)/35). Let s = -1348 + 15534. Suppose p*i - 3*o = -5*o + s, 4*i = o + 14189. Is i composite?
False
Suppose 0 + 10 = 5*f. Suppose 5*n = -f*u, -5*n - 3*u - 2*u = 15. Suppose 0 = 8*j - 3*j - 4*m - 345, -j = -n*m - 75. Is j prime?
False
Let a(x) = x**3 + x - 227. Let j be a(0). Let c(d) = -3*d**2 + 24*d - 85. Let s be c(-13). Let b = j - s. Is b composite?
False
Let l be (-68)/(-17) + (0 - -859). Suppose -25973 = -4*t + l. Is t a composite number?
False
Suppose -4*c = b - 94709, 41*c = 36*c. Is b composite?
False
Suppose 2*f = -f + 7176. Suppose 0 = -5*w - f + 12227. Let z = -1089 + w. Is z composite?
True
Suppose -51*j + 171216 = -39*j. Suppose 3*a + 5*z = 14278, 3*a - 3*z = -6*z + j. Is a a composite number?
False
Let a(t) be the second derivative of t**5/60 - 5*t**4/24 - 17*t**3/6 - 13*t**2/2 + 12*t. Let o(r) be the first derivative of a(r). Is o(-7) composite?
False
Let u = 118 + -115. Is (-1)/(2/(-72)) - u prime?
False
Let u(a) = 949*a + 10. Let l be u(7). Let o = -1580 + -1286. Let c = l + o. Is c prime?
False
Is (5425/(-62) + -24)/(2/(-2164)) prime?
False
Suppose -304*h + 12282834 = 134*h. Is h composite?
True
Suppose 23353 = 26*u - 15*u. Let k = u - 1261. Is k a composite number?
True
Let d(k) = 8*k**2 - 27*k - 12. Let z(q) = -q**3 + 43*q**2 + 89*q + 16. Let h be z(45). Is d(h) composite?
False
Let g = -1915 - -431. Let n = 2539 + g. Is n composite?
True
Suppose -92*h = -86*h - 24. Suppose -2358 = -2*z - 4*g, -h*z - 4*g + 2614 + 2118 = 0. Is z composite?
False
Let s = 107571 - 41404. Is s composite?
True
Let y = 57 + 76. Let u = -188 + 402. Let m = y + u. Is m a composite number?
False
Let v(p) = 5555*p**2 + 363*p - 37. Is v(-